 -5) + 3)?
71
What is (-2 - (8 + (-13 - -1) + 13)) + 0?
-11
81 - (54 + 30 + -48)
45
What is the value of -103 + 0 - (45 - (-14 - (54 + -93)))?
-123
What is the value of (31 - -6) + -73 - -92?
56
What is the value of -40 + -1 + 3 + (-54 - (-64 - -1))?
-29
Calculate -2 - 5 - ((68 - -1) + -47).
-29
Evaluate -1 + 22 + -5 - (-705 + 818).
-97
What is 18 - (-18 + -8 + 30 + -5)?
19
Evaluate (16 - 27) + 10 + 17 + -65.
-49
What is the value of 6 + (21 + -3 - 28 - (-7 - -76))?
-73
(-10 + 80 - 121) + -12
-63
Calculate 9 + (-476 - -465) + -40 + 0 + 8.
-34
Calculate -14 - -3 - (19 + -12 - (31 + 16)).
29
Evaluate -45 + (6 - (4 + 0)) + 16 + (8 - 35).
-54
Calculate 44 - (-9 - (75 + -156)).
-28
Calculate 0 + -43 + (198 - 126).
29
Calculate 91 + -6 + -12 + (-19 - -20) + 11.
85
What is 859 - 775 - (26 + 2)?
56
Calculate -3 + 57 + (36 - 23 - (3 - (-13 - -7))).
58
10 + 55 + -2 + (138 - 114)
87
Evaluate -1 + 0 + (50 - 5) - (-495 - -486).
53
Evaluate 25 + -56 - (-360 + 301).
28
Calculate -42 - ((78 - -102) + -148).
-74
60 + -35 + (5 - -26)
56
What is the value of 37 + -31 + -36 + -18 + 27?
-21
Calculate -3 + -2 - (190 - (-140 - -276)).
-59
What is -2 + 22 + (-28 - -88 - -23)?
103
Evaluate 14 - 1 - (3 + (-2 + 12 - 17) + 6).
11
Calculate 2 + -70 + -32 + 54 + -11.
-57
0 + 10 + (-5 + 20 - 20) - (1 - 69)
73
-109 - (-19 - -124 - 146)
-68
Evaluate (0 - 13) + (99 - 95) + -34.
-43
-1 + 5 + 2 + 23 + -15 + (-7 - 27)
-20
What is (-47 + 25 - -63) + -26?
15
What is (39 - (-21 + 21)) + 54 + -8?
85
Calculate (-1395 - -1403) + ((1 - 2) + 1 - (4 - -27)).
-23
What is the value of -22 - (-2 + -14 + -3) - -63?
60
What is -5 + -1 - (-95 + -8 + 142)?
-45
-23 - 3 - (-5 + 20 + -3 + -10 + 2)
-30
Calculate 6 + -21 + 20 + (-6 - (-2 + 47)).
-46
What is -1928 + 1845 - (-42 + 1)?
-42
Evaluate (-11 + 22 - 6) + -135 - (33 + -36).
-127
What is the value of 49 + (-17 - -15) + -1 + -20?
26
What is -60 + (110 + -81 - 64)?
-95
(7 - -1 - (0 - 1)) + (-40 + 4 - -24)
-3
46 - (23 - -75) - -68
16
What is (-7 - ((16 - -1) + -90)) + -3 + 5 + -12?
56
1 + -29 + -53 + (-8 - (-5 + -16))
-68
What is (11 - (-96 + 38)) + (-10 - 0) + -4?
55
What is the value of (26 + -40 + 10 - -3) + (-5 - -98)?
92
What is the value of -7110 + 7082 - ((-94 - 1) + -1)?
68
What is (4 - 6 - ((2 - 1) + -13 + 28)) + -6?
-24
What is -4 - (5 - -6) - (290 + -264)?
-41
Calculate (6 - 15) + (-41 - (-11 + (14 - 0))).
-53
Calculate -24 - (2 + -2) - (-11001 - -11032).
-55
What is 29 + (-19 + (44 - 20) - (-1 - -17))?
18
Calculate -41 - (-38 + 12) - (5 + 42).
-62
What is the value of (-47 - 33 - -50 - -34) + (-8 - (1 + 0))?
-5
Evaluate (-1001 - -964) + (15 - 1) - -24.
1
Evaluate -1 - (51 + -17) - -33.
-2
What is 0 + 544 + -553 + (2 + 2 - -20)?
15
What is the value of -11 - ((9 - 0) + (-2 - 11) + (66 - 53))?
-20
What is the value of -36 + (-1 - (5 - 2)) + (-20 - -5) + 12?
-43
Evaluate 75 + -58 + 24 + (11 - 4 - -7).
55
Calculate 2 + -25 - (68 - (62 + 5)).
-24
What is the value of -3 - (-13 + (31 - 11)) - -87?
77
Evaluate -147 - (-33 + -7 + 39 + -15).
-131
What is the value of 40 + (-47 - (-50 + 38))?
5
What is the value of (15 + 5 - -15 - 22) + -2 + (0 - -79)?
90
(-1184 - -1221) + -20 + 0
17
Evaluate 12 + 0 + 2 + -2 + -2 - (-18370 - -18330).
50
Calculate -21 - (20 + (10 - -4) + -40).
-15
What is (16 - 28) + -222 + 220?
-14
What is the value of (-1 - -57) + (-1 - (17 - (4 + 9)) - 0)?
51
What is the value of 21 + 6 - (-120 - -261) - (-9 - -1)?
-106
201 + -220 - (0 + (1 - 51))
31
What is -2237 + 2234 + 2 + 7 + (1 - -1) - 7?
1
What is 210 + (99 - (-14 - -230))?
93
Calculate -49 - 0 - (134 - 138) - (-14 - -2).
-33
Calculate 15 + (-61 - ((3 - -41) + -30 + 10)).
-70
What is -6 + 44 + (14 - (69 + -53 - (-1 + 10)))?
45
What is 21 - 9 - (-47 - (36 - (19 - 5)))?
81
Evaluate -6 + (-6 - (-24 - -33) - 27).
-48
-35 + 3 + 9 + 22 + -7 + 73
65
Calculate 11 - (-2 + -1 - (-147 + 95)).
-38
Calculate -9873 + 9888 - (2 + 1).
12
Evaluate 4 + -1 + (-17 - (2 + -22)) + (4 - 0).
10
(-50 - 15) + (-161 - -187)
-39
Calculate -2 + 61 + (-526 - -502).
35
What is the value of -10 - (-198 - -186 - (-1 + -14) - -17)?
-30
-7 - (-23 + 40 + (8 - 28) + (1 - 34))
29
What is 6 + (18 - ((5 - -22 - 14) + -7))?
18
What is the value of (267 - 254) + 0 + -6 + 107?
114
What is (-15 - -15) + (-14 - (23 - 8) - (0 - 6))?
-23
(-27 - 12) + -25 + 55
-9
What is (-34 - (-49 + 29 + -14)) + (0 - (1 - 1))?
0
What is the value of 0 - 4 - (23 + (-32 - 37 - 22))?
64
Calculate 12 + (-20 - (-17 - (6 + -17))).
-2
Calculate 9 + 0 + -3 + -56 + -43 + 99.
6
-26 - (-460 + 468 + -25 + 1)
-10
Evaluate 64 - ((10 - (2 - (7 + -6))) + -3 + 3).
55
Evaluate -81 - (-41 + 72 + -220).
108
Calculate (1565 - 1545) + (0 - (0 - (-2 - -5))).
23
Calculate (2 - -52) + (301 + -300 - (0 - -17)).
38
What is 20 + -1 + 47 + (-160 - -169)?
75
What is the value of 34 - (-40 + (61 - -2))?
11
What is (5 + -8 - -79 - -3) + (695 - 700)?
74
What is the value of (76 - 17) + -7 + (2 - -7) + 3?
64
What is the value of (-9 + 1 - -31) + -31 + 1 + 38?
31
(-9 - (4 + -7)) + -4 + -28
-38
What is the value of 85 + -32 - (-5 + (11 - (4 + -9)))?
42
What is -296 + 253 + (-2 - 13 - 2)?
-60
What is the value of (12 + (9 - 24) - -2 - -10) + 4 + -52?
-39
1 + 10 + 12 + 96 + -57
62
Evaluate -3 + (-2 - 32) - (8 + 40 + -55).
-30
What is (-87 - (-21 - (-22 - (15 + 3)))) + -4?
-110
13 - (50 - (-74 - -104))
-7
Calculate 243 + -255 - (1 + 4) - (-2 + -5 + -4).
-6
What is 6 + -1 + (7 - 3) + (-41 - -5)?
-27
What is the value of (7 + -5 - 4) + 33 + (7 + -14 - -6)?
30
What is -8 - (-17 - -5) - -2 - (-1 - -28)?
-21
What is the value of -10 + -1 + -9 + (-4 - 27) + 19?
-32
Calculate (104 - 115) + (4 - 1 - (-1 + -1)) - -85.
79
-12 + -61 + 0 + -1 + (3295 - 3285)
-64
-24 + ((23 + -22 - (2 - -5)) + -6 - -7)
-29
Calculate -68 + (13 - -64) - 57.
-48
Calculate -41 + 122 + -82 + 89.
88
What is the value of -1 + 0 + 0 + -11 - (-108 + 78 + -39)?
57
(-6 - (-4 + 2)) + (-94 - -77)
-21
Calculate 129 + (-69 - (5 + -32)) + -4.
83
Calculate (35 - 34) + 65 + (11 - (-4 + 8) - 11).
62
What is the value of (16 - 10 - 1 - 32) + -5 + 1?
-31
Evaluate -13 + 14 + -17 - -18 - (-42 + 1).
43
What is -20 + (-18 + -7 - 31) - ((-4 - -2) + -9)?
-65
Evaluate -69 + 50 + 69 + 15.
65
Evaluate (0 - 69) + 3599 + -3522.
8
-52 + 20 + (-2 - 16) + -4
-54
What is (-110 - -173) + (-16 - (-5 - -3))?
49
Calculate (-4 - -17) + 19 + -24 + (-21 - -11) + -83.
-85
What is the value of 3 - ((-17 - 4) + 10 + (-21 - -9) + 12)?
14
What is 6 + -23 - 9 - (-3 + -12)?
-11
What is 4 + -9 + 9 + 23 + -27?
0
25 + (-43 - -20) + 3 + -82 - (-2 + -3)
-72
What is the value of 7 - ((-8 + (13 - 8) - 11) + 11)?
10
What is (-34 - -22) + (-1 - -21) - (110 - 2)?
-100
58 - (28 + -53 + -14)
97
What is 71 - (0 - -45 - (152 - 132))?
46
-7 - -7 - (26 + -70 + 144)
-100
2 + (126 + 56 - 118)
66
Evaluate -11 - (5 + -7 + -114 + 90).
15
(1 - 5 - (-8 + (16 - 19) + -2)) + 11
20
41 + 40 + -12 + (2 - 1)
70
What is 1 - (-76 - -137 - (2 + 2 - -3))?
-53
Evaluate 29 - (-43 - -52) - 85.
-65
What is the value of 2 - (0 + 7) - (-26 - (16 + -23 + 22))?
36
Evaluate (1 - (11 - (-8 + 33) - -4)) + 6 + -11.
6
13 + 9 + -4 + -8 - (59 - 1)
-48
Evaluate 31 + -6 + 28 + -7 + 1.
47
0 + 6 + 1 + (35 - 109) + 17
-50
What is 122 + -81 + -253 + 159?
-53
Calculate 103 + -248 + 167 - -53.
75
What is the value of -6 - (-3 + 2 - 44 - (-21 - -4 - -19))?
41
What is the value of (-535 - -537) + (6 - 15) + -26?
-33
What is 8969 + -9019 - (-146 - 2)?
98
Calculate 6 - (77 - (23 + 29 + -19)).
-38
Calculate -34 + -1 - (-1134 - -1135).
-36
What is the value of (-17 - 62) + 50 - 57?
-86
Calculate -112 + 154 - (-1 + (0 - 4)).
47
Evaluate 2 + 32 + -15 + -13 + (-45 - 4).
-43
-1 + -9 + 3 + (212 - 148)
57
Calculate (6 - (5 + 6)) + -17 + -3 + 32 - 42.
-35
What is the value of -13 + (-14 - -21 - ((106 - 94) + -99 + 0))?
81
Evaluate (-49 - -4) + 32 - -29.
16
Evaluate -10 + (-12 - (-7 - -19 - 17)) + 75.
58
Calculate 39 + -11 + -1 - -1 - 24.
4
-39 + (-32 - (-80 + 14))
-5
30 - (-13 + 20) - 48
-25
Calculate 7 + (-51 - -42) + -44 + -1.
-47
(20 - -8) + -5 + -70 + 101
54
What is 119 - 24 - (5 - -33)?
57
Evaluate 0 + (3 - (13 + -11)) + 13 + -2 - -39.
51
Evaluate 9 - (3 + (-4 - (-10 + 11) - -3 - -39)).
-31
Calculate (19 - -69) + -54 + -72.
-38
Evaluate 5 + (56 - 1) + 1 + -3 - (2 + -10).
66
Calculate -2 + 18 + (-58 - (-36 